{"id":872,"date":"2025-10-24T12:48:13","date_gmt":"2025-10-24T12:48:13","guid":{"rendered":"https:\/\/www.pregencolombia.com\/site\/?page_id=872"},"modified":"2025-10-24T12:48:15","modified_gmt":"2025-10-24T12:48:15","slug":"atencion-y-soporte","status":"publish","type":"page","link":"https:\/\/www.pregencolombia.com\/site\/atencion-y-soporte\/","title":{"rendered":"Atenci\u00f3n y Soporte"},"content":{"rendered":"","protected":false},"excerpt":{"rendered":"","protected":false},"author":2,"featured_media":0,"parent":0,"menu_order":0,"comment_status":"closed","ping_status":"closed","template":"","meta":{"footnotes":""},"class_list":["post-872","page","type-page","status-publish","hentry"],"jetpack_sharing_enabled":true,"jetpack-related-posts":[{"id":865,"url":"https:\/\/www.pregencolombia.com\/site\/citas\/","url_meta":{"origin":872,"position":0},"title":"Citas","author":"katzarabanda","date":"10\/24\/2025","format":false,"excerpt":"<h2>Agenda tu cita<\/h2> Utiliza este formulario para agendar tu cita&nbsp; o dale click al bot\u00f3n de Soporte y Contacto si necesitas ayuda. SOPORTE Y CONTACTO HORARIO DE ATENCI\u00d3N LUNES A VIERNES \u2013 7:00AM A 4:00PM S\u00c1BADOS \u2013 8:00AM A 12:00M RECOMENDACIONES Asistir puntualmente a la citaEl beb\u00e9 debe asistir con\u2026","rel":"","context":"Entrada similar","block_context":{"text":"Entrada similar","link":""},"img":{"alt_text":"","src":"","width":0,"height":0},"classes":[]},{"id":30,"url":"https:\/\/www.pregencolombia.com\/site\/sucursales\/","url_meta":{"origin":872,"position":1},"title":"Sucursales","author":"admin","date":"10\/02\/2025","format":false,"excerpt":"Nuestras Sucursales Consulta las sedes de Pregen en Colombia y horarios de atenci\u00f3n para toma de muestras y seguimiento cl\u00ednico.","rel":"","context":"Entrada similar","block_context":{"text":"Entrada similar","link":""},"img":{"alt_text":"","src":"","width":0,"height":0},"classes":[]},{"id":878,"url":"https:\/\/www.pregencolombia.com\/site\/optometria-y-audiometria-infantil\/","url_meta":{"origin":872,"position":2},"title":"Optometr\u00eda y Audiometr\u00eda Infantil","author":"katzarabanda","date":"10\/24\/2025","format":false,"excerpt":"servicios <h2>Optometr\u00eda y Audiometr\u00eda para Ni\u00f1as y Ni\u00f1os<\/h2> <img data-interaction-id=\"cbb5cf8\" id=\"2359\" src=\"https:\/\/www.pregencolombia.com\/site\/wp-content\/uploads\/2026\/01\/Screenshot-2026-01-09-at-5.01.56-p.m.png\" width=\"1118\" height=\"1122\" srcset=\"https:\/\/i0.wp.com\/www.pregencolombia.com\/site\/wp-content\/uploads\/2026\/01\/Screenshot-2026-01-09-at-5.01.56-p.m.png?w=1118&ssl=1 1118w, https:\/\/i0.wp.com\/www.pregencolombia.com\/site\/wp-content\/uploads\/2026\/01\/Screenshot-2026-01-09-at-5.01.56-p.m.png?resize=300%2C300&ssl=1 300w, https:\/\/i0.wp.com\/www.pregencolombia.com\/site\/wp-content\/uploads\/2026\/01\/Screenshot-2026-01-09-at-5.01.56-p.m.png?resize=1020%2C1024&ssl=1 1020w, https:\/\/i0.wp.com\/www.pregencolombia.com\/site\/wp-content\/uploads\/2026\/01\/Screenshot-2026-01-09-at-5.01.56-p.m.png?resize=150%2C150&ssl=1 150w, https:\/\/i0.wp.com\/www.pregencolombia.com\/site\/wp-content\/uploads\/2026\/01\/Screenshot-2026-01-09-at-5.01.56-p.m.png?resize=768%2C771&ssl=1 768w, https:\/\/i0.wp.com\/www.pregencolombia.com\/site\/wp-content\/uploads\/2026\/01\/Screenshot-2026-01-09-at-5.01.56-p.m.png?resize=600%2C602&ssl=1 600w, https:\/\/i0.wp.com\/www.pregencolombia.com\/site\/wp-content\/uploads\/2026\/01\/Screenshot-2026-01-09-at-5.01.56-p.m.png?resize=100%2C100&ssl=1 100w\" alt=\"\" \/> <p dir=\"ltr\" data-pm-slice=\"1 1 []\">Los servicios de optometr\u00eda y audiometr\u00eda infantil est\u00e1n enfocados en evaluar y cuidar la salud visual\u2026","rel":"","context":"Entrada similar","block_context":{"text":"Entrada similar","link":""},"img":{"alt_text":"","src":"","width":0,"height":0},"classes":[]},{"id":874,"url":"https:\/\/www.pregencolombia.com\/site\/tamizaje-visual\/","url_meta":{"origin":872,"position":3},"title":"Tamizaje Visual","author":"katzarabanda","date":"10\/24\/2025","format":false,"excerpt":"servicios <h2>Tamizaje Visual<\/h2> <img data-interaction-id=\"a2b0c2c\" data-interactions=\"&#x5B;&#x5D;\" id=\"1580\" src=\"https:\/\/www.pregencolombia.com\/site\/wp-content\/uploads\/2025\/12\/6.png\" width=\"800\" height=\"800\" srcset=\"https:\/\/i0.wp.com\/nuevo.pregen.online\/wp-content\/uploads\/2025\/12\/6.png?w=800&ssl=1 800w, https:\/\/i0.wp.com\/nuevo.pregen.online\/wp-content\/uploads\/2025\/12\/6.png?resize=300%2C300&ssl=1 300w, https:\/\/i0.wp.com\/nuevo.pregen.online\/wp-content\/uploads\/2025\/12\/6.png?resize=150%2C150&ssl=1 150w, https:\/\/i0.wp.com\/nuevo.pregen.online\/wp-content\/uploads\/2025\/12\/6.png?resize=768%2C768&ssl=1 768w, https:\/\/i0.wp.com\/nuevo.pregen.online\/wp-content\/uploads\/2025\/12\/6.png?resize=700%2C700&ssl=1 700w, https:\/\/i0.wp.com\/nuevo.pregen.online\/wp-content\/uploads\/2025\/12\/6.png?resize=600%2C600&ssl=1 600w, https:\/\/i0.wp.com\/nuevo.pregen.online\/wp-content\/uploads\/2025\/12\/6.png?resize=100%2C100&ssl=1 100w\" alt=\"\" \/> <p>El tamizaje visual\u00a0 es una evaluaci\u00f3n temprana y no invasiva que permite detectar a tiempo posibles alteraciones en la visi\u00f3n. A trav\u00e9s de pruebas\u2026","rel":"","context":"Entrada similar","block_context":{"text":"Entrada similar","link":""},"img":{"alt_text":"","src":"","width":0,"height":0},"classes":[]},{"id":17,"url":"https:\/\/www.pregencolombia.com\/site\/","url_meta":{"origin":872,"position":4},"title":"Inicio","author":"admin","date":"10\/02\/2025","format":false,"excerpt":"Nuestro compromiso para la salud infantil en Colombia Detecci\u00f3n temprana. M\u00e1s de 38 a\u00f1os protegiendo el futuro de miles de reci\u00e9n nacidos. <a role=\"button\"> AGENDAR CITA <\/a> <a href=\"#servicios\"> VER SERVICIOS <\/a> <img data-interaction-id=\"4ed3d99\" id=\"453\" src=\"https:\/\/www.pregencolombia.com\/site\/wp-content\/uploads\/2025\/10\/pexels-rdne-6849570-scaled-e1771475801151.jpg\" width=\"2380\" height=\"1936\" srcset=\"https:\/\/i0.wp.com\/www.pregencolombia.com\/site\/wp-content\/uploads\/2025\/10\/pexels-rdne-6849570-scaled-e1771475801151.jpg?w=2380&ssl=1 2380w, https:\/\/i0.wp.com\/www.pregencolombia.com\/site\/wp-content\/uploads\/2025\/10\/pexels-rdne-6849570-scaled-e1771475801151.jpg?resize=300%2C244&ssl=1 300w, https:\/\/i0.wp.com\/www.pregencolombia.com\/site\/wp-content\/uploads\/2025\/10\/pexels-rdne-6849570-scaled-e1771475801151.jpg?resize=1024%2C833&ssl=1 1024w, https:\/\/i0.wp.com\/www.pregencolombia.com\/site\/wp-content\/uploads\/2025\/10\/pexels-rdne-6849570-scaled-e1771475801151.jpg?resize=768%2C625&ssl=1 768w, https:\/\/i0.wp.com\/www.pregencolombia.com\/site\/wp-content\/uploads\/2025\/10\/pexels-rdne-6849570-scaled-e1771475801151.jpg?resize=1536%2C1249&ssl=1 1536w, https:\/\/i0.wp.com\/www.pregencolombia.com\/site\/wp-content\/uploads\/2025\/10\/pexels-rdne-6849570-scaled-e1771475801151.jpg?resize=2048%2C1666&ssl=1 2048w,\u2026","rel":"","context":"Entrada similar","block_context":{"text":"Entrada similar","link":""},"img":{"alt_text":"","src":"","width":0,"height":0},"classes":[]},{"id":25,"url":"https:\/\/www.pregencolombia.com\/site\/contacto\/","url_meta":{"origin":872,"position":5},"title":"Contacto","author":"admin","date":"10\/02\/2025","format":false,"excerpt":"Contacto \u00bfTienes preguntas? Cont\u00e1ctanos para agendar tomas de muestra, recibir asesor\u00eda gen\u00e9tica o coordinar convenios institucionales.<\/p> <h4>Canales de Atenci\u00f3n<\/h4> <ul> <li> <svg aria-hidden=\"true\" viewBox=\"0 0 288 512\" xmlns=\"http:\/\/www.w3.org\/2000\/svg\"><path d=\"M112 316.94v156.69l22.02 33.02c4.75 7.12 15.22 7.12 19.97 0L176 473.63V316.94c-10.39 1.92-21.06 3.06-32 3.06s-21.61-1.14-32-3.06zM144 0C64.47 0 0 64.47 0 144s64.47 144 144 144 144-64.47\u2026","rel":"","context":"Entrada similar","block_context":{"text":"Entrada similar","link":""},"img":{"alt_text":"","src":"","width":0,"height":0},"classes":[]}],"_links":{"self":[{"href":"https:\/\/www.pregencolombia.com\/site\/wp-json\/wp\/v2\/pages\/872","targetHints":{"allow":["GET"]}}],"collection":[{"href":"https:\/\/www.pregencolombia.com\/site\/wp-json\/wp\/v2\/pages"}],"about":[{"href":"https:\/\/www.pregencolombia.com\/site\/wp-json\/wp\/v2\/types\/page"}],"author":[{"embeddable":true,"href":"https:\/\/www.pregencolombia.com\/site\/wp-json\/wp\/v2\/users\/2"}],"replies":[{"embeddable":true,"href":"https:\/\/www.pregencolombia.com\/site\/wp-json\/wp\/v2\/comments?post=872"}],"version-history":[{"count":1,"href":"https:\/\/www.pregencolombia.com\/site\/wp-json\/wp\/v2\/pages\/872\/revisions"}],"predecessor-version":[{"id":873,"href":"https:\/\/www.pregencolombia.com\/site\/wp-json\/wp\/v2\/pages\/872\/revisions\/873"}],"wp:attachment":[{"href":"https:\/\/www.pregencolombia.com\/site\/wp-json\/wp\/v2\/media?parent=872"}],"curies":[{"name":"wp","href":"https:\/\/api.w.org\/{rel}","templated":true}]}}

Atención y Soporte

<h2>Agenda tu cita</h2> Utiliza este formulario para agendar tu cita&nbsp; o dale click al botón de Soporte y Contacto si necesitas ayuda. SOPORTE Y CONTACTO HORARIO DE ATENCIÓN LUNES A VIERNES – 7:00AM A 4:00PM SÁBADOS – 8:00AM A 12:00M RECOMENDACIONES Asistir puntualmente a la citaEl bebé debe asistir con…

Nuestras Sucursales Consulta las sedes de Pregen en Colombia y horarios de atención para toma de muestras y seguimiento clínico.

Optometría y Audiometría Infantil

servicios <h2>Optometría y Audiometría para Niñas y Niños</h2> <img data-interaction-id="cbb5cf8" id="2359" src="https://www.pregencolombia.com/site/wp-content/uploads/2026/01/Screenshot-2026-01-09-at-5.01.56-p.m.png" width="1118" height="1122" srcset="https://i0.wp.com/www.pregencolombia.com/site/wp-content/uploads/2026/01/Screenshot-2026-01-09-at-5.01.56-p.m.png?w=1118&ssl=1 1118w, https://i0.wp.com/www.pregencolombia.com/site/wp-content/uploads/2026/01/Screenshot-2026-01-09-at-5.01.56-p.m.png?resize=300%2C300&ssl=1 300w, https://i0.wp.com/www.pregencolombia.com/site/wp-content/uploads/2026/01/Screenshot-2026-01-09-at-5.01.56-p.m.png?resize=1020%2C1024&ssl=1 1020w, https://i0.wp.com/www.pregencolombia.com/site/wp-content/uploads/2026/01/Screenshot-2026-01-09-at-5.01.56-p.m.png?resize=150%2C150&ssl=1 150w, https://i0.wp.com/www.pregencolombia.com/site/wp-content/uploads/2026/01/Screenshot-2026-01-09-at-5.01.56-p.m.png?resize=768%2C771&ssl=1 768w, https://i0.wp.com/www.pregencolombia.com/site/wp-content/uploads/2026/01/Screenshot-2026-01-09-at-5.01.56-p.m.png?resize=600%2C602&ssl=1 600w, https://i0.wp.com/www.pregencolombia.com/site/wp-content/uploads/2026/01/Screenshot-2026-01-09-at-5.01.56-p.m.png?resize=100%2C100&ssl=1 100w" alt="" /> <p dir="ltr" data-pm-slice="1 1 []">Los servicios de optometría y audiometría infantil están enfocados en evaluar y cuidar la salud visual…

servicios <h2>Tamizaje Visual</h2> <img data-interaction-id="a2b0c2c" data-interactions="&#x5B;&#x5D;" id="1580" src="https://www.pregencolombia.com/site/wp-content/uploads/2025/12/6.png" width="800" height="800" srcset="https://i0.wp.com/nuevo.pregen.online/wp-content/uploads/2025/12/6.png?w=800&ssl=1 800w, https://i0.wp.com/nuevo.pregen.online/wp-content/uploads/2025/12/6.png?resize=300%2C300&ssl=1 300w, https://i0.wp.com/nuevo.pregen.online/wp-content/uploads/2025/12/6.png?resize=150%2C150&ssl=1 150w, https://i0.wp.com/nuevo.pregen.online/wp-content/uploads/2025/12/6.png?resize=768%2C768&ssl=1 768w, https://i0.wp.com/nuevo.pregen.online/wp-content/uploads/2025/12/6.png?resize=700%2C700&ssl=1 700w, https://i0.wp.com/nuevo.pregen.online/wp-content/uploads/2025/12/6.png?resize=600%2C600&ssl=1 600w, https://i0.wp.com/nuevo.pregen.online/wp-content/uploads/2025/12/6.png?resize=100%2C100&ssl=1 100w" alt="" /> <p>El tamizaje visual  es una evaluación temprana y no invasiva que permite detectar a tiempo posibles alteraciones en la visión. A través de pruebas…

Nuestro compromiso para la salud infantil en Colombia Detección temprana. Más de 38 años protegiendo el futuro de miles de recién nacidos. <a role="button"> AGENDAR CITA </a> <a href="#servicios"> VER SERVICIOS </a> <img data-interaction-id="4ed3d99" id="453" src="https://www.pregencolombia.com/site/wp-content/uploads/2025/10/pexels-rdne-6849570-scaled-e1771475801151.jpg" width="2380" height="1936" srcset="https://i0.wp.com/www.pregencolombia.com/site/wp-content/uploads/2025/10/pexels-rdne-6849570-scaled-e1771475801151.jpg?w=2380&ssl=1 2380w, https://i0.wp.com/www.pregencolombia.com/site/wp-content/uploads/2025/10/pexels-rdne-6849570-scaled-e1771475801151.jpg?resize=300%2C244&ssl=1 300w, https://i0.wp.com/www.pregencolombia.com/site/wp-content/uploads/2025/10/pexels-rdne-6849570-scaled-e1771475801151.jpg?resize=1024%2C833&ssl=1 1024w, https://i0.wp.com/www.pregencolombia.com/site/wp-content/uploads/2025/10/pexels-rdne-6849570-scaled-e1771475801151.jpg?resize=768%2C625&ssl=1 768w, https://i0.wp.com/www.pregencolombia.com/site/wp-content/uploads/2025/10/pexels-rdne-6849570-scaled-e1771475801151.jpg?resize=1536%2C1249&ssl=1 1536w, https://i0.wp.com/www.pregencolombia.com/site/wp-content/uploads/2025/10/pexels-rdne-6849570-scaled-e1771475801151.jpg?resize=2048%2C1666&ssl=1 2048w,…

Contacto ¿Tienes preguntas? Contáctanos para agendar tomas de muestra, recibir asesoría genética o coordinar convenios institucionales.</p> <h4>Canales de Atención</h4> <ul> <li> <svg aria-hidden="true" viewBox="0 0 288 512" xmlns="http://www.w3.org/2000/svg"><path d="M112 316.94v156.69l22.02 33.02c4.75 7.12 15.22 7.12 19.97 0L176 473.63V316.94c-10.39 1.92-21.06 3.06-32 3.06s-21.61-1.14-32-3.06zM144 0C64.47 0 0 64.47 0 144s64.47 144 144 144 144-64.47…
