{"id":2488,"date":"2026-04-17T15:17:49","date_gmt":"2026-04-17T15:17:49","guid":{"rendered":"https:\/\/www.pregencolombia.com\/site\/?page_id=2488"},"modified":"2026-04-17T16:26:43","modified_gmt":"2026-04-17T16:26:43","slug":"peticiones-quejas-y-reclamos","status":"publish","type":"page","link":"https:\/\/www.pregencolombia.com\/site\/peticiones-quejas-y-reclamos\/","title":{"rendered":"Peticiones, quejas y reclamos"},"content":{"rendered":"\t\t<div data-elementor-type=\"wp-page\" data-elementor-id=\"2488\" class=\"elementor elementor-2488\" data-elementor-post-type=\"page\">\n\t\t\t\t\t\t<div class=\"elementor-element elementor-element-d6d89a8 e-con e-atomic-element e-flexbox-base e-d6d89a8-f43af9a\" data-id=\"d6d89a8\" data-element_type=\"e-flexbox\" data-e-type=\"e-flexbox\" data-interaction-id=\"d6d89a8\">\n\t\t\t\t\t\t\t<h2 \n\t\tdata-interaction-id=\"c97bf7e\" \n\t\tclass=\"e-c97bf7e-481699c e-heading-base\" \n\t\t \n\t\t\n\t>\n\t\n\t\t\tRadicar  PQRSF\n\t\t<\/h2>\n\t\t\t\t<\/div>\n\t\t<div data-particle_enable=\"false\" data-particle-mobile-disabled=\"false\" class=\"elementor-element elementor-element-8b64f86 e-flex e-con-boxed e-con e-parent\" data-id=\"8b64f86\" data-element_type=\"container\" data-e-type=\"container\">\n\t\t\t\t\t<div class=\"e-con-inner\">\n\t\t\t\t<div class=\"elementor-element elementor-element-02769d5 elementor-widget__width-initial elementor-widget elementor-widget-wpforms\" data-id=\"02769d5\" data-element_type=\"widget\" data-e-type=\"widget\" data-widget_type=\"wpforms.default\">\n\t\t\t\t<div class=\"elementor-widget-container\">\n\t\t\t\t\t<style id=\"wpforms-css-vars-elementor-widget-02769d5\">\n\t\t\t\t.elementor-widget-wpforms.elementor-element-02769d5 {\n\t\t\t\t--wpforms-field-size-input-height: 50px;\n--wpforms-field-size-input-spacing: 20px;\n--wpforms-field-size-font-size: 18px;\n--wpforms-field-size-line-height: 21px;\n--wpforms-field-size-padding-h: 14px;\n--wpforms-field-size-checkbox-size: 18px;\n--wpforms-field-size-sublabel-spacing: 10px;\n--wpforms-field-size-icon-size: 1.25;\n\t\t\t}\n\t\t\t<\/style><div class=\"wpforms-container wpforms-container-full wpforms-render-modern\" id=\"wpforms-2500\"><form id=\"wpforms-form-2500\" class=\"wpforms-validate wpforms-form wpforms-ajax-form\" data-formid=\"2500\" method=\"post\" enctype=\"multipart\/form-data\" action=\"\/site\/wp-json\/wp\/v2\/pages\/2488\" data-token=\"938e49df5e0bfc0227473163a1d97898\" data-token-time=\"1776491485\"><div class=\"wpforms-head-container\"><div class=\"wpforms-title\">Peticiones, quejas y observaciones<\/div><div class=\"wpforms-description\">Si tu solicitud es una petici\u00f3n, queja o reclamo, recibir\u00e1s tu respuesta en el t\u00e9rmino legal establecido en el art\u00edculo 14 de la ley 1755 de 2015. \r\n\r\nEn el siguiente formulario puedes radicar tu petici\u00f3n, queja, reclamo, sugerencia o felicitaci\u00f3n.<\/div><\/div><noscript class=\"wpforms-error-noscript\">Por favor, activa JavaScript en tu navegador para completar este formulario.<\/noscript><div id=\"wpforms-error-noscript\" style=\"display: none;\">Por favor, activa JavaScript en tu navegador para completar este formulario.<\/div><div class=\"wpforms-field-container\"><div id=\"wpforms-2500-field_1-container\" class=\"wpforms-field wpforms-field-name\" data-field-id=\"1\"><fieldset><legend class=\"wpforms-field-label\">Nombre del usuario<\/legend><div class=\"wpforms-field-row wpforms-field-large\"><div class=\"wpforms-field-row-block wpforms-first wpforms-one-half\"><input type=\"text\" id=\"wpforms-2500-field_1\" class=\"wpforms-field-name-first\" name=\"wpforms[fields][1][first]\" aria-errormessage=\"wpforms-2500-field_1-error\" ><label for=\"wpforms-2500-field_1\" class=\"wpforms-field-sublabel after\">Nombre<\/label><\/div><div class=\"wpforms-field-row-block wpforms-one-half\"><input type=\"text\" id=\"wpforms-2500-field_1-last\" class=\"wpforms-field-name-last\" name=\"wpforms[fields][1][last]\" aria-errormessage=\"wpforms-2500-field_1-last-error\" ><label for=\"wpforms-2500-field_1-last\" class=\"wpforms-field-sublabel after\">Apellidos<\/label><\/div><\/div><\/fieldset><\/div><div id=\"wpforms-2500-field_9-container\" class=\"wpforms-field wpforms-field-select wpforms-one-half wpforms-first wpforms-field-select-style-modern\" data-field-id=\"9\"><label class=\"wpforms-field-label\" for=\"wpforms-2500-field_9\">Tipo de documento<\/label><select id=\"wpforms-2500-field_9\" class=\"wpforms-field-large choicesjs-select\" data-size-class=\"wpforms-field-row wpforms-field-large\" data-search-enabled=\"\" name=\"wpforms[fields][9]\"><option value=\"\" class=\"placeholder\" disabled  selected='selected'><\/option><option value=\"C\u00e9dula de ciudadan\u00eda\"  class=\"choice-1 depth-1\"  >C\u00e9dula de ciudadan\u00eda<\/option><option value=\"C\u00e9dula de extranjer\u00eda\"  class=\"choice-2 depth-1\"  >C\u00e9dula de extranjer\u00eda<\/option><option value=\"Pasaporte\"  class=\"choice-3 depth-1\"  >Pasaporte<\/option><option value=\"Otro\"  class=\"choice-4 depth-1\"  >Otro<\/option><\/select><\/div><div id=\"wpforms-2500-field_8-container\" class=\"wpforms-field wpforms-field-number wpforms-one-half\" data-field-id=\"8\"><label class=\"wpforms-field-label\" for=\"wpforms-2500-field_8\">N\u00b0 de Documento<\/label><input type=\"number\" id=\"wpforms-2500-field_8\" class=\"wpforms-field-large\" name=\"wpforms[fields][8]\" step=\"any\" aria-errormessage=\"wpforms-2500-field_8-error\" ><\/div>\t\t<div id=\"wpforms-2500-field_3-container\"\n\t\t\tclass=\"wpforms-field wpforms-field-text\"\n\t\t\tdata-field-type=\"text\"\n\t\t\tdata-field-id=\"3\"\n\t\t\t>\n\t\t\t<label class=\"wpforms-field-label\" for=\"wpforms-2500-field_3\" >Acepto de reclamo,<\/label>\n\t\t\t<input type=\"text\" id=\"wpforms-2500-field_3\" class=\"wpforms-field-medium\" name=\"wpforms[fields][3]\" >\n\t\t<\/div>\n\t\t<div id=\"wpforms-2500-field_2-container\" class=\"wpforms-field wpforms-field-email\" data-field-id=\"2\"><label class=\"wpforms-field-label\" for=\"wpforms-2500-field_2\">Correo electr\u00f3nico<\/label><input type=\"email\" id=\"wpforms-2500-field_2\" class=\"wpforms-field-large\" name=\"wpforms[fields][2]\" spellcheck=\"false\" aria-errormessage=\"wpforms-2500-field_2-error\" ><\/div><div id=\"wpforms-2500-field_7-container\" class=\"wpforms-field wpforms-field-text\" data-field-id=\"7\"><label class=\"wpforms-field-label\" for=\"wpforms-2500-field_7\">Tel\u00e9fono de contacto <span class=\"wpforms-required-label\" aria-hidden=\"true\">*<\/span><\/label><input type=\"text\" id=\"wpforms-2500-field_7\" class=\"wpforms-field-large wpforms-field-required\" name=\"wpforms[fields][7]\" aria-errormessage=\"wpforms-2500-field_7-error\" required><\/div><div id=\"wpforms-2500-field_4-container\" class=\"wpforms-field wpforms-field-select wpforms-field-select-style-classic\" data-field-id=\"4\"><label class=\"wpforms-field-label\" for=\"wpforms-2500-field_4\">Tipo de radicaci\u00f3n (petici\u00f3n, queja, reclamo, felicitaci\u00f3n u observaci\u00f3n)<\/label><select id=\"wpforms-2500-field_4\" class=\"wpforms-field-large\" name=\"wpforms[fields][4]\"><option value=\"Petici\u00f3n\"  class=\"choice-1 depth-1\"  >Petici\u00f3n<\/option><option value=\"Queja\"  class=\"choice-2 depth-1\"  >Queja<\/option><option value=\"Reclamo\"  class=\"choice-3 depth-1\"  >Reclamo<\/option><option value=\"Felicitaci\u00f3n\"  class=\"choice-4 depth-1\"  >Felicitaci\u00f3n<\/option><option value=\"Observaci\u00f3n\"  class=\"choice-5 depth-1\"  >Observaci\u00f3n<\/option><\/select><\/div><div id=\"wpforms-2500-field_11-container\" class=\"wpforms-field wpforms-field-radio wpforms-list-2-columns\" data-field-id=\"11\"><fieldset><legend class=\"wpforms-field-label\">De qu\u00e9 servicio fue usuario\/a<\/legend><ul id=\"wpforms-2500-field_11\"><li class=\"choice-1 depth-1\"><input type=\"radio\" id=\"wpforms-2500-field_11_1\" name=\"wpforms[fields][11]\" value=\"Tamizaje para Hipotiroidismo Cong\u00e9nito\" aria-errormessage=\"wpforms-2500-field_11_1-error\"  ><label class=\"wpforms-field-label-inline\" for=\"wpforms-2500-field_11_1\">Tamizaje para Hipotiroidismo Cong\u00e9nito<\/label><\/li><li class=\"choice-2 depth-1\"><input type=\"radio\" id=\"wpforms-2500-field_11_2\" name=\"wpforms[fields][11]\" value=\"Tam\u00edzaje neonatal de ley ( l. 1980 de 2019 )\" aria-errormessage=\"wpforms-2500-field_11_2-error\"  ><label class=\"wpforms-field-label-inline\" for=\"wpforms-2500-field_11_2\">Tam\u00edzaje neonatal de ley ( l. 1980 de 2019 )<\/label><\/li><li class=\"choice-3 depth-1\"><input type=\"radio\" id=\"wpforms-2500-field_11_3\" name=\"wpforms[fields][11]\" value=\"Tamizaje Metab\u00f3lico Neonatal Ampliado\" aria-errormessage=\"wpforms-2500-field_11_3-error\"  ><label class=\"wpforms-field-label-inline\" for=\"wpforms-2500-field_11_3\">Tamizaje Metab\u00f3lico Neonatal Ampliado<\/label><\/li><li class=\"choice-5 depth-1\"><input type=\"radio\" id=\"wpforms-2500-field_11_5\" name=\"wpforms[fields][11]\" value=\"An\u00e1lisis de Citogen\u00e9tica\" aria-errormessage=\"wpforms-2500-field_11_5-error\"  ><label class=\"wpforms-field-label-inline\" for=\"wpforms-2500-field_11_5\">An\u00e1lisis de Citogen\u00e9tica<\/label><\/li><li class=\"choice-6 depth-1\"><input type=\"radio\" id=\"wpforms-2500-field_11_6\" name=\"wpforms[fields][11]\" value=\"Tamizaje Visual\" aria-errormessage=\"wpforms-2500-field_11_6-error\"  ><label class=\"wpforms-field-label-inline\" for=\"wpforms-2500-field_11_6\">Tamizaje Visual<\/label><\/li><li class=\"choice-7 depth-1\"><input type=\"radio\" id=\"wpforms-2500-field_11_7\" name=\"wpforms[fields][11]\" value=\"Tamizaje Auditivo\" aria-errormessage=\"wpforms-2500-field_11_7-error\"  ><label class=\"wpforms-field-label-inline\" for=\"wpforms-2500-field_11_7\">Tamizaje Auditivo<\/label><\/li><li class=\"choice-8 depth-1\"><input type=\"radio\" id=\"wpforms-2500-field_11_8\" name=\"wpforms[fields][11]\" value=\"Optometr\u00eda\/Audiometr\u00eda Escolar\" aria-errormessage=\"wpforms-2500-field_11_8-error\"  ><label class=\"wpforms-field-label-inline\" for=\"wpforms-2500-field_11_8\">Optometr\u00eda\/Audiometr\u00eda Escolar<\/label><\/li><\/ul><\/fieldset><\/div><div id=\"wpforms-2500-field_5-container\" class=\"wpforms-field wpforms-field-textarea\" data-field-id=\"5\"><label class=\"wpforms-field-label\" for=\"wpforms-2500-field_5\">Detalle de la petici\u00f3n, queja, reclamo, felicitaci\u00f3n u observaci\u00f3n<\/label><textarea id=\"wpforms-2500-field_5\" class=\"wpforms-field-medium\" name=\"wpforms[fields][5]\" aria-errormessage=\"wpforms-2500-field_5-error\" ><\/textarea><\/div><div id=\"wpforms-2500-field_16-container\" class=\"wpforms-field wpforms-field-checkbox wpforms-list-inline\" data-field-id=\"16\"><fieldset><legend class=\"wpforms-field-label\">Acepto <span class=\"wpforms-required-label\" aria-hidden=\"true\">*<\/span><\/legend><ul id=\"wpforms-2500-field_16\" class=\"wpforms-field-required\"><li class=\"choice-1 depth-1\"><input type=\"checkbox\" id=\"wpforms-2500-field_16_1\" name=\"wpforms[fields][16][]\" value=\"SI\" aria-errormessage=\"wpforms-2500-field_16_1-error\" aria-describedby=\"wpforms-2500-field_16-description\" required ><label class=\"wpforms-field-label-inline\" for=\"wpforms-2500-field_16_1\">SI<\/label><\/li><li class=\"choice-4 depth-1\"><input type=\"checkbox\" id=\"wpforms-2500-field_16_4\" name=\"wpforms[fields][16][]\" value=\"NO\" aria-errormessage=\"wpforms-2500-field_16_4-error\" aria-describedby=\"wpforms-2500-field_16-description\" required ><label class=\"wpforms-field-label-inline\" for=\"wpforms-2500-field_16_4\">NO<\/label><\/li><\/ul><div id=\"wpforms-2500-field_16-description\" class=\"wpforms-field-description wpforms-disclaimer-description\">Autorizo a PREGEN COLOMBIA para recolectar y tratar mis datos personales con el fin de gestionar mi solicitud, contactarme y enviarme encuestas o informaci\u00f3n relacionada. Declaro que conozco mis derechos como titular de datos seg\u00fan la Ley 1581 de 2012 y la pol\u00edtica de tratamiento de datos disponible en su sitio web.<\/div><\/fieldset><\/div><script>\n\t\t\t\t( function() {\n\t\t\t\t\tconst style = document.createElement( 'style' );\n\t\t\t\t\tstyle.appendChild( document.createTextNode( '#wpforms-2500-field_3-container { position: absolute !important; overflow: hidden !important; display: inline !important; height: 1px !important; width: 1px !important; z-index: -1000 !important; padding: 0 !important; } #wpforms-2500-field_3-container input { visibility: hidden; } #wpforms-conversational-form-page #wpforms-2500-field_3-container label { counter-increment: none; }' ) );\n\t\t\t\t\tdocument.head.appendChild( style );\n\t\t\t\t\tdocument.currentScript?.remove();\n\t\t\t\t} )();\n\t\t\t<\/script><\/div><!-- .wpforms-field-container --><div class=\"wpforms-submit-container\" ><input type=\"hidden\" name=\"wpforms[id]\" value=\"2500\"><input type=\"hidden\" name=\"page_title\" value=\"\"><input type=\"hidden\" name=\"page_url\" value=\"https:\/\/www.pregencolombia.com\/site\/wp-json\/wp\/v2\/pages\/2488\"><input type=\"hidden\" name=\"url_referer\" value=\"\"><button type=\"submit\" name=\"wpforms[submit]\" id=\"wpforms-submit-2500\" class=\"wpforms-submit\" data-alt-text=\"Enviando...\" data-submit-text=\"Enviar\" aria-live=\"assertive\" value=\"wpforms-submit\">Enviar<\/button><img decoding=\"async\" src=\"https:\/\/www.pregencolombia.com\/site\/wp-content\/plugins\/wpforms-lite\/assets\/images\/submit-spin.svg\" class=\"wpforms-submit-spinner\" style=\"display: none;\" width=\"26\" height=\"26\" alt=\"Cargando\"><\/div><\/form><\/div>  <!-- .wpforms-container -->\t\t\t\t<\/div>\n\t\t\t\t<\/div>\n\t\t\t\t\t<\/div>\n\t\t\t\t<\/div>\n\t\t\t\t<\/div>\n\t\t","protected":false},"excerpt":{"rendered":"<p>Radicar PQRSF &lt;form id=\u00bbwpforms-form-2500&#8243; data-formid=\u00bb2500&#8243; method=\u00bbpost\u00bb enctype=\u00bbmultipart\/form-data\u00bb action=\u00bb\/site\/wp-admin\/admin-ajax.php\u00bb data-token=\u00bb14ffe429b491def83c994175e4368932&#8243; data-token-time=\u00bb1776443203&#8243;&gt;Peticiones, quejas y observacionesSi tu solicitud es una petici\u00f3n, queja o reclamo, recibir\u00e1s tu respuesta en el t\u00e9rmino legal establecido en el art\u00edculo 14 de la ley 1755 de 2015. En el siguiente formulario puedes radicar tu petici\u00f3n, queja, reclamo, sugerencia o felicitaci\u00f3n.Por favor, activa JavaScript [&hellip;]<\/p>\n","protected":false},"author":2,"featured_media":0,"parent":0,"menu_order":0,"comment_status":"closed","ping_status":"closed","template":"","meta":{"footnotes":""},"class_list":["post-2488","page","type-page","status-publish","hentry"],"jetpack_sharing_enabled":true,"jetpack-related-posts":[{"id":1308,"url":"https:\/\/www.pregencolombia.com\/site\/pagar\/","url_meta":{"origin":2488,"position":0},"title":"Pagar","author":"admin","date":"11\/17\/2025","format":false,"excerpt":"Datos de cliente Pago Detalles de facturaci\u00f3n Nombre\u00a0Apellidos\u00a0Pa\u00eds \/ Regi\u00f3n\u00a0ColombiaDirecci\u00f3n de la calle\u00a0Info adicional (apartamento, habitaci\u00f3n, escalera, etc.)\u00a0(opcional)Poblaci\u00f3n\u00a0Departamento\u00a0 Elige una opci\u00f3n\u2026AmazonasAntioquiaAraucaAtl\u00e1nticoBol\u00edvarBoyac\u00e1CaldasCaquet\u00e1CasanareCaucaCesarChoc\u00f3C\u00f3rdobaCundinamarcaDistrito CapitalGuain\u00edaGuaviareHuilaLa GuajiraMagdalenaMetaNari\u00f1oNorte de SantanderPutumayoQuind\u00edoRisaraldaSantanderSan Andr\u00e9s y ProvidenciaSucreTolimaValle del CaucaVaup\u00e9sVichadaC\u00f3digo postal \/ ZIP\u00a0(opcional)Tel\u00e9fono\u00a0(opcional)Direcci\u00f3n de correo electr\u00f3nico\u00a0* Informaci\u00f3n adicional Notas del pedido\u00a0(opcional) M\u00e9todos de pago Checkout ePayco (Credit cards, debit cards,\u2026","rel":"","context":"Entrada similar","block_context":{"text":"Entrada similar","link":""},"img":{"alt_text":"Pregen tradicional","src":"https:\/\/i0.wp.com\/www.pregencolombia.com\/site\/wp-content\/uploads\/2025\/11\/Screenshot-2025-11-17-at-6.00.11-a.m-300x300.png?resize=350%2C200&ssl=1","width":350,"height":200},"classes":[]},{"id":18,"url":"https:\/\/www.pregencolombia.com\/site\/hipotiroidismo-congenito\/","url_meta":{"origin":2488,"position":1},"title":"Hipotiroidismo Cong\u00e9nito","author":"admin","date":"10\/02\/2025","format":false,"excerpt":"servicios Tamizaje Neonatal para Hipotiroidismo Cong\u00e9nito Aunque su beb\u00e9 se vea saludable al momento del nacimiento y la familia no tenga antecedentes, puede padecer de Hipotiroidismo Cong\u00e9nito y la \u00fanica forma de detectarlo antes de que aparezcan los s\u00edntomas es practicando este examen. El diagn\u00f3stico temprano de esta frecuente enfermedad\u2026","rel":"","context":"Entrada similar","block_context":{"text":"Entrada similar","link":""},"img":{"alt_text":"","src":"https:\/\/i0.wp.com\/www.pregencolombia.com\/site\/wp-content\/uploads\/2025\/12\/4.png?resize=350%2C200&ssl=1","width":350,"height":200,"srcset":"https:\/\/i0.wp.com\/www.pregencolombia.com\/site\/wp-content\/uploads\/2025\/12\/4.png?resize=350%2C200&ssl=1 1x, https:\/\/i0.wp.com\/www.pregencolombia.com\/site\/wp-content\/uploads\/2025\/12\/4.png?resize=525%2C300&ssl=1 1.5x, https:\/\/i0.wp.com\/www.pregencolombia.com\/site\/wp-content\/uploads\/2025\/12\/4.png?resize=700%2C400&ssl=1 2x"},"classes":[]},{"id":2526,"url":"https:\/\/www.pregencolombia.com\/site\/politica-de-tratamiento-de-datos\/","url_meta":{"origin":2488,"position":2},"title":"Pol\u00edtica de tratamiento de datos","author":"katzarabanda","date":"04\/17\/2026","format":false,"excerpt":"POL\u00cdTICAS DE TRATAMIENTO, PRIVACIDAD Y PROTECCI\u00d3N DE DATOS PERSONALES <p data-start=\"151\" data-end=\"689\">Dando cumplimiento a lo establecido en la Ley 1581 de 2012, el Decreto 1377 de 2013 y dem\u00e1s normas que los modifiquen o sustituyan, informamos a empleados, proveedores, contratistas, clientes, potenciales clientes, familiares de empleados y p\u00fablico en general\u2026","rel":"","context":"Entrada similar","block_context":{"text":"Entrada similar","link":""},"img":{"alt_text":"","src":"","width":0,"height":0},"classes":[]},{"id":29,"url":"https:\/\/www.pregencolombia.com\/site\/politica-de-privacidad\/","url_meta":{"origin":2488,"position":3},"title":"Pol\u00edtica de Privacidad","author":"admin","date":"10\/02\/2025","format":false,"excerpt":"Pol\u00edtica de Privacidad En Pregen protegemos tus datos personales y garantizamos confidencialidad en el manejo de muestras e informaci\u00f3n cl\u00ednica.","rel":"","context":"Entrada similar","block_context":{"text":"Entrada similar","link":""},"img":{"alt_text":"","src":"","width":0,"height":0},"classes":[]},{"id":24,"url":"https:\/\/www.pregencolombia.com\/site\/resultados-en-linea\/","url_meta":{"origin":2488,"position":4},"title":"Resultados en L\u00ednea","author":"admin","date":"10\/02\/2025","format":false,"excerpt":"Resultados en L\u00ednea Accede a tus resultados de forma segura a trav\u00e9s de nuestro portal. Recibir\u00e1s notificaciones por email cuando los resultados est\u00e9n disponibles. Ingresar al portal de resultados","rel":"","context":"Entrada similar","block_context":{"text":"Entrada similar","link":""},"img":{"alt_text":"","src":"","width":0,"height":0},"classes":[]},{"id":865,"url":"https:\/\/www.pregencolombia.com\/site\/citas\/","url_meta":{"origin":2488,"position":5},"title":"Citas","author":"katzarabanda","date":"10\/24\/2025","format":false,"excerpt":"<h2>Agenda tu cita<\/h2> Utiliza este formulario para agendar tu cita&nbsp; o dale click al bot\u00f3n de Soporte y Contacto si necesitas ayuda. SOPORTE Y CONTACTO HORARIO DE ATENCI\u00d3N LUNES A VIERNES \u2013 7:00AM A 4:00PM S\u00c1BADOS \u2013 8:00AM A 12:00M RECOMENDACIONES Asistir puntualmente a la citaEl beb\u00e9 debe asistir con\u2026","rel":"","context":"Entrada similar","block_context":{"text":"Entrada similar","link":""},"img":{"alt_text":"","src":"","width":0,"height":0},"classes":[]}],"_links":{"self":[{"href":"https:\/\/www.pregencolombia.com\/site\/wp-json\/wp\/v2\/pages\/2488","targetHints":{"allow":["GET"]}}],"collection":[{"href":"https:\/\/www.pregencolombia.com\/site\/wp-json\/wp\/v2\/pages"}],"about":[{"href":"https:\/\/www.pregencolombia.com\/site\/wp-json\/wp\/v2\/types\/page"}],"author":[{"embeddable":true,"href":"https:\/\/www.pregencolombia.com\/site\/wp-json\/wp\/v2\/users\/2"}],"replies":[{"embeddable":true,"href":"https:\/\/www.pregencolombia.com\/site\/wp-json\/wp\/v2\/comments?post=2488"}],"version-history":[{"count":22,"href":"https:\/\/www.pregencolombia.com\/site\/wp-json\/wp\/v2\/pages\/2488\/revisions"}],"predecessor-version":[{"id":2523,"href":"https:\/\/www.pregencolombia.com\/site\/wp-json\/wp\/v2\/pages\/2488\/revisions\/2523"}],"wp:attachment":[{"href":"https:\/\/www.pregencolombia.com\/site\/wp-json\/wp\/v2\/media?parent=2488"}],"curies":[{"name":"wp","href":"https:\/\/api.w.org\/{rel}","templated":true}]}}